{"id":3161,"date":"2026-03-06T12:23:43","date_gmt":"2026-03-06T11:23:43","guid":{"rendered":"https:\/\/news.theoceanconnections.com\/?page_id=3161"},"modified":"2026-04-05T12:00:46","modified_gmt":"2026-04-05T10:00:46","slug":"genalpha","status":"publish","type":"page","link":"https:\/\/theoceanconnections.com\/es\/genalpha\/","title":{"rendered":"Gen Alpha: The Most Liquid Generation in History_"},"content":{"rendered":"<h1><strong>Gen Alpha: The Most Liquid Generation in History_<\/strong><\/h1>\n<p><img decoding=\"async\" loading=\"lazy\" src=\"https:\/\/theoceanconnections.com\/wp-content\/uploads\/2026\/03\/gen-alpha-liquid.webp\"><noscript><img decoding=\"async\" src=\"https:\/\/theoceanconnections.com\/wp-content\/uploads\/2026\/03\/gen-alpha-liquid.webp\"><\/noscript><\/p>\n<p>Quiero compartir un insight que no deja de aparecer en nuestra investigaci\u00f3n sobre la relaci\u00f3n entre la Generaci\u00f3n Alpha y los oc\u00e9anos:<\/p>\n<p>El oc\u00e9ano ser\u00e1 su nuevo \u201cterritorio cultural\u201d: identidad, prop\u00f3sito y acci\u00f3n.<\/p>\n<p>Los oc\u00e9anos se convertir\u00e1n en su filtro para todo: marcas, pol\u00edtica, consumo y futuro. La Gen Alpha no \u201caprender\u00e1\u201d ni \u201ctomar\u00e1 conciencia\u201d del oc\u00e9ano; crecer\u00e1 viendo si est\u00e1 preservado o roto.<\/p>\n<p>No se conectar\u00e1n con \u00e9l como una tendencia.<\/p>\n<p>Se conectar\u00e1n porque es esencial para su futuro y su econom\u00eda.<\/p>\n<p>Wow\u2026 \u00bfpodr\u00eda ser esta la primera generaci\u00f3n verdaderamente consciente de que el 70% de la Tierra est\u00e1 cubierta por agua?<\/p>\n<p>El cerebro y el coraz\u00f3n humanos son aproximadamente un 73% agua.<\/p>\n<p>Los beb\u00e9s y la Gen Alpha son entre un 75% y un 78% agua.<\/p>\n<p>Los adultos rondan el 60%.<\/p>\n<p>Por primera vez, una generaci\u00f3n entiende algo que muchos hemos olvidado:<\/p>\n<p>No vivimos cerca del oc\u00e9ano\u2026 vivimos dentro de \u00e9l.<\/p>\n","protected":false},"excerpt":{"rendered":"<p>Gen Alpha: The Most Liquid Generation in History_ Quiero compartir un insight que no deja de aparecer en nuestra investigaci\u00f3n sobre la relaci\u00f3n entre la Generaci\u00f3n Alpha y los oc\u00e9anos: El oc\u00e9ano ser\u00e1 su nuevo \u201cterritorio cultural\u201d: identidad, prop\u00f3sito y acci\u00f3n. Los oc\u00e9anos se convertir\u00e1n en su filtro para todo: marcas, pol\u00edtica, consumo y futuro. La Gen Alpha no \u201caprender\u00e1\u201d ni \u201ctomar\u00e1 conciencia\u201d del oc\u00e9ano; crecer\u00e1 viendo si est\u00e1 preservado o roto. No se conectar\u00e1n con \u00e9l como una tendencia. [&hellip;]<\/p>\n","protected":false},"author":1,"featured_media":3164,"parent":0,"menu_order":0,"comment_status":"closed","ping_status":"closed","template":"","meta":{"footnotes":""},"class_list":["post-3161","page","type-page","status-publish","has-post-thumbnail","hentry"],"_links":{"self":[{"href":"https:\/\/theoceanconnections.com\/es\/wp-json\/wp\/v2\/pages\/3161","targetHints":{"allow":["GET"]}}],"collection":[{"href":"https:\/\/theoceanconnections.com\/es\/wp-json\/wp\/v2\/pages"}],"about":[{"href":"https:\/\/theoceanconnections.com\/es\/wp-json\/wp\/v2\/types\/page"}],"author":[{"embeddable":true,"href":"https:\/\/theoceanconnections.com\/es\/wp-json\/wp\/v2\/users\/1"}],"replies":[{"embeddable":true,"href":"https:\/\/theoceanconnections.com\/es\/wp-json\/wp\/v2\/comments?post=3161"}],"version-history":[{"count":11,"href":"https:\/\/theoceanconnections.com\/es\/wp-json\/wp\/v2\/pages\/3161\/revisions"}],"predecessor-version":[{"id":4142,"href":"https:\/\/theoceanconnections.com\/es\/wp-json\/wp\/v2\/pages\/3161\/revisions\/4142"}],"wp:featuredmedia":[{"embeddable":true,"href":"https:\/\/theoceanconnections.com\/es\/wp-json\/wp\/v2\/media\/3164"}],"wp:attachment":[{"href":"https:\/\/theoceanconnections.com\/es\/wp-json\/wp\/v2\/media?parent=3161"}],"curies":[{"name":"wp","href":"https:\/\/api.w.org\/{rel}","templated":true}]}}

<h1><strong>Gen Alpha: The Most Liquid Generation in History_</strong></h1>
<p><img decoding="async" loading="lazy" src="https://theoceanconnections.com/wp-content/uploads/2026/03/gen-alpha-liquid.webp"><noscript><img decoding="async" src="https://theoceanconnections.com/wp-content/uploads/2026/03/gen-alpha-liquid.webp"></noscript></p>
<p>Quiero compartir un insight que no deja de aparecer en nuestra investigación sobre la relación entre la Generación Alpha y los océanos:</p>
<p>El océano será su nuevo “territorio cultural”: identidad, propósito y acción.</p>
<p>Los océanos se convertirán en su filtro para todo: marcas, política, consumo y futuro. La Gen Alpha no “aprenderá” ni “tomará conciencia” del océano; crecerá viendo si está preservado o roto.</p>
<p>No se conectarán con él como una tendencia.</p>
<p>Se conectarán porque es esencial para su futuro y su economía.</p>
<p>Wow… ¿podría ser esta la primera generación verdaderamente consciente de que el 70% de la Tierra está cubierta por agua?</p>
<p>El cerebro y el corazón humanos son aproximadamente un 73% agua.</p>
<p>Los bebés y la Gen Alpha son entre un 75% y un 78% agua.</p>
<p>Los adultos rondan el 60%.</p>
<p>Por primera vez, una generación entiende algo que muchos hemos olvidado:</p>
<p>No vivimos cerca del océano… vivimos dentro de él.</p>

<p>Gen Alpha: The Most Liquid Generation in History_ Quiero compartir un insight que no deja de aparecer en nuestra investigación sobre la relación entre la Generación Alpha y los océanos: El océano será su nuevo “territorio cultural”: identidad, propósito y acción. Los océanos se convertirán en su filtro para todo: marcas, política, consumo y futuro. La Gen Alpha no “aprenderá” ni “tomará conciencia” del océano; crecerá viendo si está preservado o roto. No se conectarán con él como una tendencia. [&hellip;]</p>
