{"id":2675,"date":"2026-03-04T11:35:05","date_gmt":"2026-03-04T10:35:05","guid":{"rendered":"https:\/\/news.theoceanconnections.com\/?page_id=2675"},"modified":"2026-06-05T18:54:23","modified_gmt":"2026-06-05T16:54:23","slug":"adrian-esteve","status":"publish","type":"page","link":"https:\/\/theoceanconnections.com\/es\/entrevistas\/adrian-esteve\/","title":{"rendered":"Adria\u0301n Esteve"},"content":{"rendered":"<h1><strong>Entrevista: Adri\u00e1n Esteve<\/strong><\/h1>\n<p><img decoding=\"async\" loading=\"lazy\" src=\"https:\/\/theoceanconnections.com\/wp-content\/uploads\/2026\/03\/Adrian-Esteve-Header.webp\"><noscript><img decoding=\"async\" src=\"https:\/\/theoceanconnections.com\/wp-content\/uploads\/2026\/03\/Adrian-Esteve-Header.webp\"><\/noscript><\/p>\n<h4><strong>Mes Que Surf &#8211; <\/strong>Conexi\u00f3n para quienes m\u00e1s necesitan conectar.<\/h4>\n<p>Adri\u00e1n Esteve es psic\u00f3logo infantil y fundador de @mesquesurf, una asociaci\u00f3n que trabaja impulsando el desarrollo de ni\u00f1os y ni\u00f1as con TEA (trastornos del espectro autista) a partir de la pr\u00e1ctica del surf y el contacto con la naturaleza.<\/p>\n<p>Adri\u00e1n y Mes Que Surf ya son parte de Ocean Connections. Los l\u00edderes del cambio sostenible, ya est\u00e1n a bordo de la primera comunidad del mundo en acci\u00f3n por los oc\u00e9anos.<\/p>\n<p>Conoce m\u00e1s de ellos en: www.mesquesurf.com<\/p>\n<p><img decoding=\"async\" loading=\"lazy\" src=\"https:\/\/news.theoceanconnections.com\/wp-content\/uploads\/2026\/03\/hf_20260202_092826_6567e730-07f7-4829-bd57-96aa015c94ee-2.webp\"><noscript><img decoding=\"async\" src=\"https:\/\/news.theoceanconnections.com\/wp-content\/uploads\/2026\/03\/hf_20260202_092826_6567e730-07f7-4829-bd57-96aa015c94ee-2.webp\"><\/noscript><\/p>\n<h2><strong>\u00bfQu\u00e9 te convierte en un Blue Storydoer?<\/strong><\/h2>\n<h2><strong>Sum\u00e9rgete en todas las entrevistas<\/strong><\/h2>\n","protected":false},"excerpt":{"rendered":"<p>Entrevista: Adri\u00e1n Esteve Mes Que Surf &#8211; Conexi\u00f3n para quienes m\u00e1s necesitan conectar. Adri\u00e1n Esteve es psic\u00f3logo infantil y fundador de @mesquesurf, una asociaci\u00f3n que trabaja impulsando el desarrollo de ni\u00f1os y ni\u00f1as con TEA (trastornos del espectro autista) a partir de la pr\u00e1ctica del surf y el contacto con la naturaleza. Adri\u00e1n y Mes Que Surf ya son parte de Ocean Connections. Los l\u00edderes del cambio sostenible, ya est\u00e1n a bordo de la primera comunidad del mundo en acci\u00f3n [&hellip;]<\/p>\n","protected":false},"author":1,"featured_media":2613,"parent":3235,"menu_order":0,"comment_status":"closed","ping_status":"closed","template":"","meta":{"footnotes":""},"class_list":["post-2675","page","type-page","status-publish","has-post-thumbnail","hentry"],"yoast_head":"<!-- This site is optimized with the Yoast SEO plugin v28.3 - https:\/\/yoast.com\/product\/yoast-seo-wordpress\/ -->\n<title>Adria\u0301n Esteve - The Ocean connections<\/title>\n<meta name=\"robots\" content=\"index, follow, max-snippet:-1, max-image-preview:large, max-video-preview:-1\" \/>\n<link rel=\"canonical\" href=\"https:\/\/theoceanconnections.com\/es\/entrevistas\/adrian-esteve\/\" \/>\n<meta property=\"og:locale\" content=\"es_ES\" \/>\n<meta property=\"og:type\" content=\"article\" \/>\n<meta property=\"og:title\" content=\"Adria\u0301n Esteve - The Ocean connections\" \/>\n<meta property=\"og:description\" content=\"Entrevista: Adri\u00e1n Esteve Mes Que Surf &#8211; Conexi\u00f3n para quienes m\u00e1s necesitan conectar. Adri\u00e1n Esteve es psic\u00f3logo infantil y fundador de @mesquesurf, una asociaci\u00f3n que trabaja impulsando el desarrollo de ni\u00f1os y ni\u00f1as con TEA (trastornos del espectro autista) a partir de la pr\u00e1ctica del surf y el contacto con la naturaleza. Adri\u00e1n y Mes Que Surf ya son parte de Ocean Connections. Los l\u00edderes del cambio sostenible, ya est\u00e1n a bordo de la primera comunidad del mundo en acci\u00f3n [&hellip;]\" \/>\n<meta property=\"og:url\" content=\"https:\/\/theoceanconnections.com\/es\/entrevistas\/adrian-esteve\/\" \/>\n<meta property=\"og:site_name\" content=\"The Ocean connections\" \/>\n<meta property=\"article:publisher\" content=\"https:\/\/www.facebook.com\/oceandayone\" \/>\n<meta property=\"article:modified_time\" content=\"2026-06-05T16:54:23+00:00\" \/>\n<meta property=\"og:image\" content=\"https:\/\/theoceanconnections.com\/wp-content\/uploads\/2026\/03\/Adrian-Esteve.png\" \/>\n\t<meta property=\"og:image:width\" content=\"367\" \/>\n\t<meta property=\"og:image:height\" content=\"357\" \/>\n\t<meta property=\"og:image:type\" content=\"image\/png\" \/>\n<meta name=\"twitter:card\" content=\"summary_large_image\" \/>\n<meta name=\"twitter:label1\" content=\"Tiempo de lectura\" \/>\n\t<meta name=\"twitter:data1\" content=\"1 minuto\" \/>\n<script type=\"application\/ld+json\" class=\"yoast-schema-graph\">{\"@context\":\"https:\\\/\\\/schema.org\",\"@graph\":[{\"@type\":\"WebPage\",\"@id\":\"https:\\\/\\\/theoceanconnections.com\\\/es\\\/entrevistas\\\/adrian-esteve\\\/\",\"url\":\"https:\\\/\\\/theoceanconnections.com\\\/es\\\/entrevistas\\\/adrian-esteve\\\/\",\"name\":\"Adria\u0301n Esteve - The Ocean connections\",\"isPartOf\":{\"@id\":\"https:\\\/\\\/theoceanconnections.com\\\/#website\"},\"primaryImageOfPage\":{\"@id\":\"https:\\\/\\\/theoceanconnections.com\\\/es\\\/entrevistas\\\/adrian-esteve\\\/#primaryimage\"},\"image\":{\"@id\":\"https:\\\/\\\/theoceanconnections.com\\\/es\\\/entrevistas\\\/adrian-esteve\\\/#primaryimage\"},\"thumbnailUrl\":\"https:\\\/\\\/theoceanconnections.com\\\/wp-content\\\/uploads\\\/2026\\\/03\\\/Adrian-Esteve.png\",\"datePublished\":\"2026-03-04T10:35:05+00:00\",\"dateModified\":\"2026-06-05T16:54:23+00:00\",\"breadcrumb\":{\"@id\":\"https:\\\/\\\/theoceanconnections.com\\\/es\\\/entrevistas\\\/adrian-esteve\\\/#breadcrumb\"},\"inLanguage\":\"es\",\"potentialAction\":[{\"@type\":\"ReadAction\",\"target\":[\"https:\\\/\\\/theoceanconnections.com\\\/es\\\/entrevistas\\\/adrian-esteve\\\/\"]}]},{\"@type\":\"ImageObject\",\"inLanguage\":\"es\",\"@id\":\"https:\\\/\\\/theoceanconnections.com\\\/es\\\/entrevistas\\\/adrian-esteve\\\/#primaryimage\",\"url\":\"https:\\\/\\\/theoceanconnections.com\\\/wp-content\\\/uploads\\\/2026\\\/03\\\/Adrian-Esteve.png\",\"contentUrl\":\"https:\\\/\\\/theoceanconnections.com\\\/wp-content\\\/uploads\\\/2026\\\/03\\\/Adrian-Esteve.png\",\"width\":367,\"height\":357,\"caption\":\"Adria\u0301n Esteve\"},{\"@type\":\"BreadcrumbList\",\"@id\":\"https:\\\/\\\/theoceanconnections.com\\\/es\\\/entrevistas\\\/adrian-esteve\\\/#breadcrumb\",\"itemListElement\":[{\"@type\":\"ListItem\",\"position\":1,\"name\":\"Home\",\"item\":\"https:\\\/\\\/theoceanconnections.com\\\/es\\\/inicio\\\/\"},{\"@type\":\"ListItem\",\"position\":2,\"name\":\"Entrevistas\",\"item\":\"https:\\\/\\\/theoceanconnections.com\\\/es\\\/entrevistas\\\/\"},{\"@type\":\"ListItem\",\"position\":3,\"name\":\"Adria\u0301n Esteve\"}]},{\"@type\":\"WebSite\",\"@id\":\"https:\\\/\\\/theoceanconnections.com\\\/#website\",\"url\":\"https:\\\/\\\/theoceanconnections.com\\\/\",\"name\":\"The Ocean connections\",\"description\":\"\",\"publisher\":{\"@id\":\"https:\\\/\\\/theoceanconnections.com\\\/#organization\"},\"potentialAction\":[{\"@type\":\"SearchAction\",\"target\":{\"@type\":\"EntryPoint\",\"urlTemplate\":\"https:\\\/\\\/theoceanconnections.com\\\/?s={search_term_string}\"},\"query-input\":{\"@type\":\"PropertyValueSpecification\",\"valueRequired\":true,\"valueName\":\"search_term_string\"}}],\"inLanguage\":\"es\"},{\"@type\":\"Organization\",\"@id\":\"https:\\\/\\\/theoceanconnections.com\\\/#organization\",\"name\":\"The Ocean connections\",\"url\":\"https:\\\/\\\/theoceanconnections.com\\\/\",\"logo\":{\"@type\":\"ImageObject\",\"inLanguage\":\"es\",\"@id\":\"https:\\\/\\\/theoceanconnections.com\\\/#\\\/schema\\\/logo\\\/image\\\/\",\"url\":\"https:\\\/\\\/theoceanconnections.com\\\/wp-content\\\/uploads\\\/2026\\\/03\\\/icon-site.png\",\"contentUrl\":\"https:\\\/\\\/theoceanconnections.com\\\/wp-content\\\/uploads\\\/2026\\\/03\\\/icon-site.png\",\"width\":512,\"height\":512,\"caption\":\"The Ocean connections\"},\"image\":{\"@id\":\"https:\\\/\\\/theoceanconnections.com\\\/#\\\/schema\\\/logo\\\/image\\\/\"},\"sameAs\":[\"https:\\\/\\\/www.facebook.com\\\/oceandayone\",\"https:\\\/\\\/www.instagram.com\\\/theocean_connections\\\/\"]}]}<\/script>\n<!-- \/ Yoast SEO plugin. -->","yoast_head_json":{"title":"Adria\u0301n Esteve - The Ocean connections","robots":{"index":"index","follow":"follow","max-snippet":"max-snippet:-1","max-image-preview":"max-image-preview:large","max-video-preview":"max-video-preview:-1"},"canonical":"https:\/\/theoceanconnections.com\/es\/entrevistas\/adrian-esteve\/","og_locale":"es_ES","og_type":"article","og_title":"Adria\u0301n Esteve - The Ocean connections","og_description":"Entrevista: Adri\u00e1n Esteve Mes Que Surf &#8211; Conexi\u00f3n para quienes m\u00e1s necesitan conectar. Adri\u00e1n Esteve es psic\u00f3logo infantil y fundador de @mesquesurf, una asociaci\u00f3n que trabaja impulsando el desarrollo de ni\u00f1os y ni\u00f1as con TEA (trastornos del espectro autista) a partir de la pr\u00e1ctica del surf y el contacto con la naturaleza. Adri\u00e1n y Mes Que Surf ya son parte de Ocean Connections. Los l\u00edderes del cambio sostenible, ya est\u00e1n a bordo de la primera comunidad del mundo en acci\u00f3n [&hellip;]","og_url":"https:\/\/theoceanconnections.com\/es\/entrevistas\/adrian-esteve\/","og_site_name":"The Ocean connections","article_publisher":"https:\/\/www.facebook.com\/oceandayone","article_modified_time":"2026-06-05T16:54:23+00:00","og_image":[{"width":367,"height":357,"url":"https:\/\/theoceanconnections.com\/wp-content\/uploads\/2026\/03\/Adrian-Esteve.png","type":"image\/png"}],"twitter_card":"summary_large_image","twitter_misc":{"Tiempo de lectura":"1 minuto"},"schema":{"@context":"https:\/\/schema.org","@graph":[{"@type":"WebPage","@id":"https:\/\/theoceanconnections.com\/es\/entrevistas\/adrian-esteve\/","url":"https:\/\/theoceanconnections.com\/es\/entrevistas\/adrian-esteve\/","name":"Adria\u0301n Esteve - The Ocean connections","isPartOf":{"@id":"https:\/\/theoceanconnections.com\/#website"},"primaryImageOfPage":{"@id":"https:\/\/theoceanconnections.com\/es\/entrevistas\/adrian-esteve\/#primaryimage"},"image":{"@id":"https:\/\/theoceanconnections.com\/es\/entrevistas\/adrian-esteve\/#primaryimage"},"thumbnailUrl":"https:\/\/theoceanconnections.com\/wp-content\/uploads\/2026\/03\/Adrian-Esteve.png","datePublished":"2026-03-04T10:35:05+00:00","dateModified":"2026-06-05T16:54:23+00:00","breadcrumb":{"@id":"https:\/\/theoceanconnections.com\/es\/entrevistas\/adrian-esteve\/#breadcrumb"},"inLanguage":"es","potentialAction":[{"@type":"ReadAction","target":["https:\/\/theoceanconnections.com\/es\/entrevistas\/adrian-esteve\/"]}]},{"@type":"ImageObject","inLanguage":"es","@id":"https:\/\/theoceanconnections.com\/es\/entrevistas\/adrian-esteve\/#primaryimage","url":"https:\/\/theoceanconnections.com\/wp-content\/uploads\/2026\/03\/Adrian-Esteve.png","contentUrl":"https:\/\/theoceanconnections.com\/wp-content\/uploads\/2026\/03\/Adrian-Esteve.png","width":367,"height":357,"caption":"Adria\u0301n Esteve"},{"@type":"BreadcrumbList","@id":"https:\/\/theoceanconnections.com\/es\/entrevistas\/adrian-esteve\/#breadcrumb","itemListElement":[{"@type":"ListItem","position":1,"name":"Home","item":"https:\/\/theoceanconnections.com\/es\/inicio\/"},{"@type":"ListItem","position":2,"name":"Entrevistas","item":"https:\/\/theoceanconnections.com\/es\/entrevistas\/"},{"@type":"ListItem","position":3,"name":"Adria\u0301n Esteve"}]},{"@type":"WebSite","@id":"https:\/\/theoceanconnections.com\/#website","url":"https:\/\/theoceanconnections.com\/","name":"The Ocean connections","description":"","publisher":{"@id":"https:\/\/theoceanconnections.com\/#organization"},"potentialAction":[{"@type":"SearchAction","target":{"@type":"EntryPoint","urlTemplate":"https:\/\/theoceanconnections.com\/?s={search_term_string}"},"query-input":{"@type":"PropertyValueSpecification","valueRequired":true,"valueName":"search_term_string"}}],"inLanguage":"es"},{"@type":"Organization","@id":"https:\/\/theoceanconnections.com\/#organization","name":"The Ocean connections","url":"https:\/\/theoceanconnections.com\/","logo":{"@type":"ImageObject","inLanguage":"es","@id":"https:\/\/theoceanconnections.com\/#\/schema\/logo\/image\/","url":"https:\/\/theoceanconnections.com\/wp-content\/uploads\/2026\/03\/icon-site.png","contentUrl":"https:\/\/theoceanconnections.com\/wp-content\/uploads\/2026\/03\/icon-site.png","width":512,"height":512,"caption":"The Ocean connections"},"image":{"@id":"https:\/\/theoceanconnections.com\/#\/schema\/logo\/image\/"},"sameAs":["https:\/\/www.facebook.com\/oceandayone","https:\/\/www.instagram.com\/theocean_connections\/"]}]}},"_links":{"self":[{"href":"https:\/\/theoceanconnections.com\/es\/wp-json\/wp\/v2\/pages\/2675","targetHints":{"allow":["GET"]}}],"collection":[{"href":"https:\/\/theoceanconnections.com\/es\/wp-json\/wp\/v2\/pages"}],"about":[{"href":"https:\/\/theoceanconnections.com\/es\/wp-json\/wp\/v2\/types\/page"}],"author":[{"embeddable":true,"href":"https:\/\/theoceanconnections.com\/es\/wp-json\/wp\/v2\/users\/1"}],"replies":[{"embeddable":true,"href":"https:\/\/theoceanconnections.com\/es\/wp-json\/wp\/v2\/comments?post=2675"}],"version-history":[{"count":19,"href":"https:\/\/theoceanconnections.com\/es\/wp-json\/wp\/v2\/pages\/2675\/revisions"}],"predecessor-version":[{"id":5112,"href":"https:\/\/theoceanconnections.com\/es\/wp-json\/wp\/v2\/pages\/2675\/revisions\/5112"}],"up":[{"embeddable":true,"href":"https:\/\/theoceanconnections.com\/es\/wp-json\/wp\/v2\/pages\/3235"}],"wp:featuredmedia":[{"embeddable":true,"href":"https:\/\/theoceanconnections.com\/es\/wp-json\/wp\/v2\/media\/2613"}],"wp:attachment":[{"href":"https:\/\/theoceanconnections.com\/es\/wp-json\/wp\/v2\/media?parent=2675"}],"curies":[{"name":"wp","href":"https:\/\/api.w.org\/{rel}","templated":true}]}}

<h1><strong>Entrevista: Adrián Esteve</strong></h1>
<p><img decoding="async" loading="lazy" src="https://theoceanconnections.com/wp-content/uploads/2026/03/Adrian-Esteve-Header.webp"><noscript><img decoding="async" src="https://theoceanconnections.com/wp-content/uploads/2026/03/Adrian-Esteve-Header.webp"></noscript></p>
<h4><strong>Mes Que Surf &#8211; </strong>Conexión para quienes más necesitan conectar.</h4>
<p>Adrián Esteve es psicólogo infantil y fundador de @mesquesurf, una asociación que trabaja impulsando el desarrollo de niños y niñas con TEA (trastornos del espectro autista) a partir de la práctica del surf y el contacto con la naturaleza.</p>
<p>Adrián y Mes Que Surf ya son parte de Ocean Connections. Los líderes del cambio sostenible, ya están a bordo de la primera comunidad del mundo en acción por los océanos.</p>
<p>Conoce más de ellos en: www.mesquesurf.com</p>
<p><img decoding="async" loading="lazy" src="https://news.theoceanconnections.com/wp-content/uploads/2026/03/hf_20260202_092826_6567e730-07f7-4829-bd57-96aa015c94ee-2.webp"><noscript><img decoding="async" src="https://news.theoceanconnections.com/wp-content/uploads/2026/03/hf_20260202_092826_6567e730-07f7-4829-bd57-96aa015c94ee-2.webp"></noscript></p>
<h2><strong>¿Qué te convierte en un Blue Storydoer?</strong></h2>
<h2><strong>Sumérgete en todas las entrevistas</strong></h2>

<p>Entrevista: Adrián Esteve Mes Que Surf &#8211; Conexión para quienes más necesitan conectar. Adrián Esteve es psicólogo infantil y fundador de @mesquesurf, una asociación que trabaja impulsando el desarrollo de niños y niñas con TEA (trastornos del espectro autista) a partir de la práctica del surf y el contacto con la naturaleza. Adrián y Mes Que Surf ya son parte de Ocean Connections. Los líderes del cambio sostenible, ya están a bordo de la primera comunidad del mundo en acción [&hellip;]</p>

<!-- This site is optimized with the Yoast SEO plugin v28.3 - https://yoast.com/product/yoast-seo-wordpress/ -->
<title>Adrián Esteve - The Ocean connections</title>
<meta name="robots" content="index, follow, max-snippet:-1, max-image-preview:large, max-video-preview:-1" />
<link rel="canonical" href="https://theoceanconnections.com/es/entrevistas/adrian-esteve/" />
<meta property="og:locale" content="es_ES" />
<meta property="og:type" content="article" />
<meta property="og:title" content="Adrián Esteve - The Ocean connections" />
<meta property="og:description" content="Entrevista: Adrián Esteve Mes Que Surf &#8211; Conexión para quienes más necesitan conectar. Adrián Esteve es psicólogo infantil y fundador de @mesquesurf, una asociación que trabaja impulsando el desarrollo de niños y niñas con TEA (trastornos del espectro autista) a partir de la práctica del surf y el contacto con la naturaleza. Adrián y Mes Que Surf ya son parte de Ocean Connections. Los líderes del cambio sostenible, ya están a bordo de la primera comunidad del mundo en acción [&hellip;]" />
<meta property="og:url" content="https://theoceanconnections.com/es/entrevistas/adrian-esteve/" />
<meta property="og:site_name" content="The Ocean connections" />
<meta property="article:publisher" content="https://www.facebook.com/oceandayone" />
<meta property="article:modified_time" content="2026-06-05T16:54:23+00:00" />
<meta property="og:image" content="https://theoceanconnections.com/wp-content/uploads/2026/03/Adrian-Esteve.png" />
	<meta property="og:image:width" content="367" />
	<meta property="og:image:height" content="357" />
	<meta property="og:image:type" content="image/png" />
<meta name="twitter:card" content="summary_large_image" />
<meta name="twitter:label1" content="Tiempo de lectura" />
	<meta name="twitter:data1" content="1 minuto" />
<script type="application/ld+json" class="yoast-schema-graph">{"@context":"https:\/\/schema.org","@graph":[{"@type":"WebPage","@id":"https:\/\/theoceanconnections.com\/es\/entrevistas\/adrian-esteve\/","url":"https:\/\/theoceanconnections.com\/es\/entrevistas\/adrian-esteve\/","name":"Adrián Esteve - The Ocean connections","isPartOf":{"@id":"https:\/\/theoceanconnections.com\/#website"},"primaryImageOfPage":{"@id":"https:\/\/theoceanconnections.com\/es\/entrevistas\/adrian-esteve\/#primaryimage"},"image":{"@id":"https:\/\/theoceanconnections.com\/es\/entrevistas\/adrian-esteve\/#primaryimage"},"thumbnailUrl":"https:\/\/theoceanconnections.com\/wp-content\/uploads\/2026\/03\/Adrian-Esteve.png","datePublished":"2026-03-04T10:35:05+00:00","dateModified":"2026-06-05T16:54:23+00:00","breadcrumb":{"@id":"https:\/\/theoceanconnections.com\/es\/entrevistas\/adrian-esteve\/#breadcrumb"},"inLanguage":"es","potentialAction":[{"@type":"ReadAction","target":["https:\/\/theoceanconnections.com\/es\/entrevistas\/adrian-esteve\/"]}]},{"@type":"ImageObject","inLanguage":"es","@id":"https:\/\/theoceanconnections.com\/es\/entrevistas\/adrian-esteve\/#primaryimage","url":"https:\/\/theoceanconnections.com\/wp-content\/uploads\/2026\/03\/Adrian-Esteve.png","contentUrl":"https:\/\/theoceanconnections.com\/wp-content\/uploads\/2026\/03\/Adrian-Esteve.png","width":367,"height":357,"caption":"Adrián Esteve"},{"@type":"BreadcrumbList","@id":"https:\/\/theoceanconnections.com\/es\/entrevistas\/adrian-esteve\/#breadcrumb","itemListElement":[{"@type":"ListItem","position":1,"name":"Home","item":"https:\/\/theoceanconnections.com\/es\/inicio\/"},{"@type":"ListItem","position":2,"name":"Entrevistas","item":"https:\/\/theoceanconnections.com\/es\/entrevistas\/"},{"@type":"ListItem","position":3,"name":"Adrián Esteve"}]},{"@type":"WebSite","@id":"https:\/\/theoceanconnections.com\/#website","url":"https:\/\/theoceanconnections.com\/","name":"The Ocean connections","description":"","publisher":{"@id":"https:\/\/theoceanconnections.com\/#organization"},"potentialAction":[{"@type":"SearchAction","target":{"@type":"EntryPoint","urlTemplate":"https:\/\/theoceanconnections.com\/?s={search_term_string}"},"query-input":{"@type":"PropertyValueSpecification","valueRequired":true,"valueName":"search_term_string"}}],"inLanguage":"es"},{"@type":"Organization","@id":"https:\/\/theoceanconnections.com\/#organization","name":"The Ocean connections","url":"https:\/\/theoceanconnections.com\/","logo":{"@type":"ImageObject","inLanguage":"es","@id":"https:\/\/theoceanconnections.com\/#\/schema\/logo\/image\/","url":"https:\/\/theoceanconnections.com\/wp-content\/uploads\/2026\/03\/icon-site.png","contentUrl":"https:\/\/theoceanconnections.com\/wp-content\/uploads\/2026\/03\/icon-site.png","width":512,"height":512,"caption":"The Ocean connections"},"image":{"@id":"https:\/\/theoceanconnections.com\/#\/schema\/logo\/image\/"},"sameAs":["https:\/\/www.facebook.com\/oceandayone","https:\/\/www.instagram.com\/theocean_connections\/"]}]}</script>
<!-- / Yoast SEO plugin. -->

Entrevista: Adrián Esteve Mes Que Surf &#8211; Conexión para quienes más necesitan conectar. Adrián Esteve es psicólogo infantil y fundador de @mesquesurf, una asociación que trabaja impulsando el desarrollo de niños y niñas con TEA (trastornos del espectro autista) a partir de la práctica del surf y el contacto con la naturaleza. Adrián y Mes Que Surf ya son parte de Ocean Connections. Los líderes del cambio sostenible, ya están a bordo de la primera comunidad del mundo en acción [&hellip;]
