{"id":2580,"date":"2026-03-03T03:50:49","date_gmt":"2026-03-03T02:50:49","guid":{"rendered":"https:\/\/news.theoceanconnections.com\/?page_id=2580"},"modified":"2026-03-28T08:31:18","modified_gmt":"2026-03-28T07:31:18","slug":"marta-estrada-miyares","status":"publish","type":"page","link":"https:\/\/theoceanconnections.com\/es\/entrevistas\/marta-estrada-miyares\/","title":{"rendered":"Marta Estrada Miyares"},"content":{"rendered":"<h1>Entrevista: Marta Estrada Miyares<\/h1>\n<p><img decoding=\"async\" loading=\"lazy\" src=\"https:\/\/theoceanconnections.com\/wp-content\/uploads\/2026\/03\/Marta-Estrada-Miyares-Header.webp\"><noscript><img decoding=\"async\" src=\"https:\/\/theoceanconnections.com\/wp-content\/uploads\/2026\/03\/Marta-Estrada-Miyares-Header.webp\"><\/noscript><\/p>\n<p>Marta Estrada Miyares es ocean\u00f3grafa y bi\u00f3loga marina, con una larga trayectoria en el Instituto de Ciencias del Mar (ICM) y el Consejo Superior de Investigaciones Cient\u00edficas (CSIC). Destaca como una de las pioneras espa\u00f1olas en realizar investigaciones cient\u00edficas en la Ant\u00e1rtida. Durante d\u00e9cadas, su trabajo se ha centrado en comprender el fitoplancton marino y su importancia ecol\u00f3gica. A sus 78 a\u00f1os contin\u00faa activa, participando en proyectos que abordan el cambio clim\u00e1tico, la salud de los oc\u00e9anos y la conservaci\u00f3n marina.<\/p>\n<h2>1. \u00bfQu\u00e9 te llev\u00f3 a emprender esta expedici\u00f3n y c\u00f3mo influy\u00f3 en tu visi\u00f3n del oc\u00e9ano?<\/h2>\n<p>Mi primera visita a la Ant\u00e1rtida tuvo lugar en el verano austral de 1984-1985, a bordo del rompehielos argentino ARA Almirante Ir\u00edzar. Yo trabajaba en ecolog\u00eda del fitoplancton marino, en el Instituto de Investigaciones Pesqueras de Barcelona, hoy Instituto de Ciencias del Mar, perteneciente al CSIC (Consejo Superior de Investigaciones Cient\u00edficas). Un colega qu\u00edmico, Antoni Ballester, hab\u00eda estado en la Ant\u00e1rtida en 1966, en una expedici\u00f3n belgo-neerlandesa a bordo del buque Magga Dan. Qued\u00f3 impresionado por los paisajes y las posibilidades de investigaci\u00f3n oceanogr\u00e1fica en la Ant\u00e1rtida y, desde entonces, no cejaba en su empe\u00f1o de convencer a las autoridades del CSIC del inter\u00e9s de investigar all\u00ed. Ten\u00eda muchos contactos internacionales y en 1984 recibi\u00f3 una invitaci\u00f3n del Instituto Ant\u00e1rtico Argentino para tomar parte en la campa\u00f1a 1984-1985 del rompehielos Almirante Ir\u00edzar, junto con un peque\u00f1o equipo de investigadores. La misi\u00f3n de la campa\u00f1a era sobre todo de apoyo log\u00edstico a las bases argentinas para intercambio de personal y suministro de combustible y mercanc\u00edas, pero el barco llevaba tambi\u00e9n varios investigadores argentinos, dirigidos por Rufino Comes, que aprovechaban el trayecto para llevar a cabo diversos proyectos de investigaci\u00f3n oceanogr\u00e1fica. Antoni Ballester me pregunt\u00f3 si me interesaba participar y no me lo pens\u00e9 dos veces. Nuestro grupo contaba tambi\u00e9n con Josefina Castellv\u00ed, microbi\u00f3loga, que colaboraba con Ballester en el Instituto de Investigaciones Pesqueras, con la escritora Charo Nogueira, como documentalista, y con dos qu\u00edmicos argentinos que hab\u00edan sido becarios de Ballester en Barcelona.<\/p>\n<p>La campa\u00f1a fue muy interesante, tanto desde el punto de vista cient\u00edfico, como de conocimiento del paisaje, ya que el barco visit\u00f3 bases argentinas en diversos puntos de la Ant\u00e1rtida. Poco despu\u00e9s (en junio-julio de 1985) se celebr\u00f3 en Palma de Mallorca el Primer Symposium Espa\u00f1ol de Estudios Ant\u00e1rticos, y de los resultados cient\u00edficos obtenidos se hicieron varias publicaciones.<\/p>\n<p>El continente ant\u00e1rtico y el oc\u00e9ano que la rodea son cruciales en la regulaci\u00f3n del clima y de los ciclos biogeoqu\u00edmicos globales. Por ejemplo, la corriente circumpolar alrededor de la Ant\u00e1rtida comunica los oc\u00e9anos Atl\u00e1ntico, \u00cdndico y Pac\u00edfico, y forma parte de la denominada circulaci\u00f3n termohalina, que redistribuye calor entre el ecuador y los polos. Por otra parte, el hielo ant\u00e1rtico representa un 70% de las reservas de agua dulce del planeta. Visitar la Ant\u00e1rtida te hace ser mucho m\u00e1s consciente de estas conexiones planetarias.<\/p>\n<p>El ecosistema marino ant\u00e1rtico presenta muchas caracter\u00edsticas interesantes. El fitoplancton, que es la base principal de la red tr\u00f3fica, muestra una gran diversidad; adem\u00e1s, en el oc\u00e9ano ant\u00e1rtico, pueden encontrarse tanto zonas de elevada producci\u00f3n, en general en la proximidad de las costas, como \u00e1reas relativamente pobres, en las que se ha demostrado que falta hierro, un micronutriente esencial para las microalgas. Tambi\u00e9n es muy importante la presencia de hielo marino; si no tiene una capa importante de nieve encima, la luz puede penetrar a su trav\u00e9s y permitir el crecimiento de microalgas en su superficie inferior y en los canal\u00edculos que quedan dentro del hielo. El krill, un componente crucial de la red tr\u00f3fica ant\u00e1rtica, se alimenta de fitoplancton y a su vez constituye la base de la dieta de muchos peces y otros animales marinos como focas, ballenas y ping\u00fcinos; durante el invierno, el krill puede sobrevivir gracias a las microalgas que habitan en la parte inferior del hielo, que representan una fuente concentrada de alimento. Por ello, la disminuci\u00f3n de hielo marino causada por el calentamiento clim\u00e1tico en ciertas partes de la Ant\u00e1rtida representa una gran amenaza para las poblaciones de krill y los organismos que dependen de ellas.<\/p>\n<h2>2. Tu carrera se ha centrado en el estudio del fitoplancton. \u00bfPor qu\u00e9 es tan importante para la salud de los ecosistemas marinos y, en particular, para el Mediterr\u00e1neo?<\/h2>\n<p>Por decirlo de una manera simplificada, denominamos fitoplancton un conjunto de organismos microsc\u00f3picos unicelulares que viven en suspensi\u00f3n en el agua y poseen clorofila. Estos microorganismos juegan en el mar un papel similar al de las plantas en tierra; utilizan energ\u00eda solar, agua, di\u00f3xido de carbono y nutrientes para producir materia org\u00e1nica y reproducirse; son los productores primarios de la red tr\u00f3fica pel\u00e1gica (es decir, de aguas abiertas), que tiene en sus niveles superiores animales como peces, mam\u00edferos y aves marinas. El fitoplancton comprende cianobacterias y una gran variedad de microalgas, adaptadas a distintas condiciones del medio marino. Por ejemplo, las diatomeas poseen una pared celular de s\u00edlice, con una elegante microestructura que ha servido de inspiraci\u00f3n para aplicaciones nanotecnol\u00f3gicas; prosperan en aguas turbulentas y ricas en nutrientes, y son las principales protagonistas de las proliferaciones de fitoplancton de finales de invierno-principios de primavera en mares como el Mediterr\u00e1neo. Los cocolit\u00f3foros presentan una cobertura de plaquitas calc\u00e1reas que puede resultar de una gran belleza. Otras microalgas, como las dinoflageladas, tienen flagelos que les permiten cambiar su posici\u00f3n en la columna de agua y pueden crecer en aguas estratificadas y pobres.<\/p>\n<p><img decoding=\"async\" loading=\"lazy\" src=\"https:\/\/theoceanconnections.com\/wp-content\/uploads\/2026\/03\/Marta-Estrada-Miyares-Ice.webp\"><noscript><img decoding=\"async\" src=\"https:\/\/theoceanconnections.com\/wp-content\/uploads\/2026\/03\/Marta-Estrada-Miyares-Ice.webp\"><\/noscript><\/p>\n<h2>3. Con tus a\u00f1os de investigaci\u00f3n, \u00bfqu\u00e9 cambios has observado en el Mediterr\u00e1neo a causa del cambio clim\u00e1tico y otras presiones ambientales?<\/h2>\n<p>El Mediterr\u00e1neo tiene un clima templado, con una fuerte estacionalidad y una importante variabilidad interanual. Yo he participado en muchas campa\u00f1as en este mar, y me he encontrado con una gran variedad de situaciones; todos sabemos que una determinada semana de marzo, pongamos por caso, puede ser m\u00e1s fr\u00eda o calurosa en un a\u00f1o que en otro. Por ello, para documentar los efectos del cambio clim\u00e1tico sobre una determinada variable (como la temperatura o el nivel del mar), se necesitan largas series de datos que permitan separar las tendencias (aumento o disminuci\u00f3n) a largo plazo de las fluctuaciones de peque\u00f1a escala. Desde hace m\u00e1s de 50 a\u00f1os, Josep Pascual ha estado tomando datos de temperatura del agua de mar a diversas profundidades en una estaci\u00f3n situada a una milla de la costa de l\u2019Estartit, adem\u00e1s de registrar el nivel del mar y medir diversas variables meteorol\u00f3gicas. Es actualmente la serie m\u00e1s larga de datos fiables del Mediterr\u00e1neo. Estos valores han sido analizados por diversos ocean\u00f3grafos, entre ellos por colegas de mi Instituto, y permiten constatar que, en las aguas superficiales, la temperatura ha aumentado a un ritmo de 0.28 \u00baC por d\u00e9cada; al mismo tiempo, el aumento del nivel del mar ha sido de unos 3 mm por d\u00e9cada. Una de las consecuencias del calentamiento ha sido que las olas de calor marinas se han hecho m\u00e1s frecuentes y han causado mortandades de organismos s\u00e9siles como gorgonias y corales. Se trata, evidentemente, de observaciones preocupantes.<\/p>\n<p>Por otra parte, el ecosistema marino del Mediterr\u00e1neo (y de otros mares) sufre desde hace a\u00f1os los impactos de la contaminaci\u00f3n, la sobrepesca y otros factores derivados de la actividad humana, que ponen en peligro tanto la biodiversidad marina como los servicios que el mar nos proporciona.<\/p>\n<h2>4. A pesar de los desaf\u00edos, sigues activa en el Instituto de Ciencias del Mar. \u00bfQu\u00e9 proyectos o l\u00edneas de investigaci\u00f3n te apasionan hoy en d\u00eda?<\/h2>\n<p>Despu\u00e9s de la jubilaci\u00f3n, he seguido investigando como profesora \u201cvinculada\u201d (es decir, em\u00e9rita); aparte de trabajar en temas que quedaron pendientes de mis campa\u00f1as anteriores, colaboro en proyectos dirigidos por colegas m\u00e1s j\u00f3venes. Por ejemplo. a principios de este a\u00f1o, junto con varios coautores, publiqu\u00e9 un art\u00edculo sobre las relaciones entre la estructura hidrogr\u00e1fica de la columna de agua y los m\u00e1ximos de clorofila que ocurren a cierta profundidad en aguas estratificadas. En uno de los proyectos actuales estamos estudiando la fisiolog\u00eda y ecolog\u00eda de las poblaciones de una microalga b\u00e9ntica (es decir, que vive adherida a substratos),&nbsp;Ostreopsis cf. ovata, que habita en muchas zonas costeras templadas del mundo, incluidas las del Mediterr\u00e1neo. Ostreopsis cf. ovata produce una variedad de toxinas y sus proliferaciones en costas de Catalu\u00f1a y otros lugares del Mediterr\u00e1neo noroccidental se han asociado con episodios de irritaci\u00f3n respiratoria. Entre otros temas, se trata de averiguar qu\u00e9 condiciones ambientales favorecen el crecimiento de esta microalga, cu\u00e1les pueden ser las toxinas responsables de las afecciones respiratorias y c\u00f3mo estas toxinas pasan del medio marino a los aerosoles.<\/p>\n<h2>4.1. Por \u00faltimo, \u00bfqu\u00e9 consejo dar\u00edas a las nuevas generaciones que quieren dedicarse a la ciencia y a la protecci\u00f3n de los oc\u00e9anos?<\/h2>\n<p>Se pueden hacer comentarios a diversos niveles. Desde luego, es importante sentir curiosidad y plantearse preguntas; una carrera cient\u00edfica requiere una importante dedicaci\u00f3n, pero tiene sus compensaciones, entre ellas la de contribuir al conocimiento del mundo que nos rodea y quiz\u00e1, directa o indirectamente, al bienestar humano. En relaci\u00f3n con lo que hoy llaman perspectiva de g\u00e9nero, a las chicas que sientan inclinaci\u00f3n por la ciencia les dir\u00eda que persistan en su inter\u00e9s y no hagan caso de los estereotipos negativos. Desde un punto de vista pr\u00e1ctico, recomendar\u00eda a los j\u00f3venes que estudien a fondo y que aprendan ingl\u00e9s e inform\u00e1tica; aparte de la importancia de tener una buena preparaci\u00f3n, hay que tener en cuenta que si m\u00e1s tarde tienen que pedir becas para dedicarse a la investigaci\u00f3n, las notas que hayan tenido en la carrera pueden jugar un papel decisivo. El tema de la protecci\u00f3n de los oc\u00e9anos y de la naturaleza en general requiere, por una parte, conocimiento, y por otra lo que podr\u00edamos denominar activismo, para enfrentarse a los intereses puramente econ\u00f3micos e intentar que este conocimiento se traduzca en un tratamiento sensato del entorno natural.<\/p>\n<p><img decoding=\"async\" loading=\"lazy\" src=\"https:\/\/theoceanconnections.com\/wp-content\/uploads\/2026\/03\/Marta-Estrada-Miyares-Ice.webp\"><noscript><img decoding=\"async\" src=\"https:\/\/theoceanconnections.com\/wp-content\/uploads\/2026\/03\/Marta-Estrada-Miyares-Ice.webp\"><\/noscript><\/p>\n<h2>5. \u00bfQu\u00e9 te convierte en un Blue Storydoer?<\/h2>\n<h2><strong>Sum\u00e9rgete en todas las entrevistas<\/strong><\/h2>\n","protected":false},"excerpt":{"rendered":"<p>Entrevista: Marta Estrada Miyares Marta Estrada Miyares es ocean\u00f3grafa y bi\u00f3loga marina, con una larga trayectoria en el Instituto de Ciencias del Mar (ICM) y el Consejo Superior de Investigaciones Cient\u00edficas (CSIC). Destaca como una de las pioneras espa\u00f1olas en realizar investigaciones cient\u00edficas en la Ant\u00e1rtida. Durante d\u00e9cadas, su trabajo se ha centrado en comprender el fitoplancton marino y su importancia ecol\u00f3gica. A sus 78 a\u00f1os contin\u00faa activa, participando en proyectos que abordan el cambio clim\u00e1tico, la salud de los [&hellip;]<\/p>\n","protected":false},"author":3,"featured_media":2640,"parent":3235,"menu_order":0,"comment_status":"closed","ping_status":"closed","template":"","meta":{"footnotes":""},"class_list":["post-2580","page","type-page","status-publish","has-post-thumbnail","hentry"],"_links":{"self":[{"href":"https:\/\/theoceanconnections.com\/es\/wp-json\/wp\/v2\/pages\/2580","targetHints":{"allow":["GET"]}}],"collection":[{"href":"https:\/\/theoceanconnections.com\/es\/wp-json\/wp\/v2\/pages"}],"about":[{"href":"https:\/\/theoceanconnections.com\/es\/wp-json\/wp\/v2\/types\/page"}],"author":[{"embeddable":true,"href":"https:\/\/theoceanconnections.com\/es\/wp-json\/wp\/v2\/users\/3"}],"replies":[{"embeddable":true,"href":"https:\/\/theoceanconnections.com\/es\/wp-json\/wp\/v2\/comments?post=2580"}],"version-history":[{"count":21,"href":"https:\/\/theoceanconnections.com\/es\/wp-json\/wp\/v2\/pages\/2580\/revisions"}],"predecessor-version":[{"id":3721,"href":"https:\/\/theoceanconnections.com\/es\/wp-json\/wp\/v2\/pages\/2580\/revisions\/3721"}],"up":[{"embeddable":true,"href":"https:\/\/theoceanconnections.com\/es\/wp-json\/wp\/v2\/pages\/3235"}],"wp:featuredmedia":[{"embeddable":true,"href":"https:\/\/theoceanconnections.com\/es\/wp-json\/wp\/v2\/media\/2640"}],"wp:attachment":[{"href":"https:\/\/theoceanconnections.com\/es\/wp-json\/wp\/v2\/media?parent=2580"}],"curies":[{"name":"wp","href":"https:\/\/api.w.org\/{rel}","templated":true}]}}

<h1>Entrevista: Marta Estrada Miyares</h1>
<p><img decoding="async" loading="lazy" src="https://theoceanconnections.com/wp-content/uploads/2026/03/Marta-Estrada-Miyares-Header.webp"><noscript><img decoding="async" src="https://theoceanconnections.com/wp-content/uploads/2026/03/Marta-Estrada-Miyares-Header.webp"></noscript></p>
<p>Marta Estrada Miyares es oceanógrafa y bióloga marina, con una larga trayectoria en el Instituto de Ciencias del Mar (ICM) y el Consejo Superior de Investigaciones Científicas (CSIC). Destaca como una de las pioneras españolas en realizar investigaciones científicas en la Antártida. Durante décadas, su trabajo se ha centrado en comprender el fitoplancton marino y su importancia ecológica. A sus 78 años continúa activa, participando en proyectos que abordan el cambio climático, la salud de los océanos y la conservación marina.</p>
<h2>1. ¿Qué te llevó a emprender esta expedición y cómo influyó en tu visión del océano?</h2>
<p>Mi primera visita a la Antártida tuvo lugar en el verano austral de 1984-1985, a bordo del rompehielos argentino ARA Almirante Irízar. Yo trabajaba en ecología del fitoplancton marino, en el Instituto de Investigaciones Pesqueras de Barcelona, hoy Instituto de Ciencias del Mar, perteneciente al CSIC (Consejo Superior de Investigaciones Científicas). Un colega químico, Antoni Ballester, había estado en la Antártida en 1966, en una expedición belgo-neerlandesa a bordo del buque Magga Dan. Quedó impresionado por los paisajes y las posibilidades de investigación oceanográfica en la Antártida y, desde entonces, no cejaba en su empeño de convencer a las autoridades del CSIC del interés de investigar allí. Tenía muchos contactos internacionales y en 1984 recibió una invitación del Instituto Antártico Argentino para tomar parte en la campaña 1984-1985 del rompehielos Almirante Irízar, junto con un pequeño equipo de investigadores. La misión de la campaña era sobre todo de apoyo logístico a las bases argentinas para intercambio de personal y suministro de combustible y mercancías, pero el barco llevaba también varios investigadores argentinos, dirigidos por Rufino Comes, que aprovechaban el trayecto para llevar a cabo diversos proyectos de investigación oceanográfica. Antoni Ballester me preguntó si me interesaba participar y no me lo pensé dos veces. Nuestro grupo contaba también con Josefina Castellví, microbióloga, que colaboraba con Ballester en el Instituto de Investigaciones Pesqueras, con la escritora Charo Nogueira, como documentalista, y con dos químicos argentinos que habían sido becarios de Ballester en Barcelona.</p>
<p>La campaña fue muy interesante, tanto desde el punto de vista científico, como de conocimiento del paisaje, ya que el barco visitó bases argentinas en diversos puntos de la Antártida. Poco después (en junio-julio de 1985) se celebró en Palma de Mallorca el Primer Symposium Español de Estudios Antárticos, y de los resultados científicos obtenidos se hicieron varias publicaciones.</p>
<p>El continente antártico y el océano que la rodea son cruciales en la regulación del clima y de los ciclos biogeoquímicos globales. Por ejemplo, la corriente circumpolar alrededor de la Antártida comunica los océanos Atlántico, Índico y Pacífico, y forma parte de la denominada circulación termohalina, que redistribuye calor entre el ecuador y los polos. Por otra parte, el hielo antártico representa un 70% de las reservas de agua dulce del planeta. Visitar la Antártida te hace ser mucho más consciente de estas conexiones planetarias.</p>
<p>El ecosistema marino antártico presenta muchas características interesantes. El fitoplancton, que es la base principal de la red trófica, muestra una gran diversidad; además, en el océano antártico, pueden encontrarse tanto zonas de elevada producción, en general en la proximidad de las costas, como áreas relativamente pobres, en las que se ha demostrado que falta hierro, un micronutriente esencial para las microalgas. También es muy importante la presencia de hielo marino; si no tiene una capa importante de nieve encima, la luz puede penetrar a su través y permitir el crecimiento de microalgas en su superficie inferior y en los canalículos que quedan dentro del hielo. El krill, un componente crucial de la red trófica antártica, se alimenta de fitoplancton y a su vez constituye la base de la dieta de muchos peces y otros animales marinos como focas, ballenas y pingüinos; durante el invierno, el krill puede sobrevivir gracias a las microalgas que habitan en la parte inferior del hielo, que representan una fuente concentrada de alimento. Por ello, la disminución de hielo marino causada por el calentamiento climático en ciertas partes de la Antártida representa una gran amenaza para las poblaciones de krill y los organismos que dependen de ellas.</p>
<h2>2. Tu carrera se ha centrado en el estudio del fitoplancton. ¿Por qué es tan importante para la salud de los ecosistemas marinos y, en particular, para el Mediterráneo?</h2>
<p>Por decirlo de una manera simplificada, denominamos fitoplancton un conjunto de organismos microscópicos unicelulares que viven en suspensión en el agua y poseen clorofila. Estos microorganismos juegan en el mar un papel similar al de las plantas en tierra; utilizan energía solar, agua, dióxido de carbono y nutrientes para producir materia orgánica y reproducirse; son los productores primarios de la red trófica pelágica (es decir, de aguas abiertas), que tiene en sus niveles superiores animales como peces, mamíferos y aves marinas. El fitoplancton comprende cianobacterias y una gran variedad de microalgas, adaptadas a distintas condiciones del medio marino. Por ejemplo, las diatomeas poseen una pared celular de sílice, con una elegante microestructura que ha servido de inspiración para aplicaciones nanotecnológicas; prosperan en aguas turbulentas y ricas en nutrientes, y son las principales protagonistas de las proliferaciones de fitoplancton de finales de invierno-principios de primavera en mares como el Mediterráneo. Los cocolitóforos presentan una cobertura de plaquitas calcáreas que puede resultar de una gran belleza. Otras microalgas, como las dinoflageladas, tienen flagelos que les permiten cambiar su posición en la columna de agua y pueden crecer en aguas estratificadas y pobres.</p>
<p><img decoding="async" loading="lazy" src="https://theoceanconnections.com/wp-content/uploads/2026/03/Marta-Estrada-Miyares-Ice.webp"><noscript><img decoding="async" src="https://theoceanconnections.com/wp-content/uploads/2026/03/Marta-Estrada-Miyares-Ice.webp"></noscript></p>
<h2>3. Con tus años de investigación, ¿qué cambios has observado en el Mediterráneo a causa del cambio climático y otras presiones ambientales?</h2>
<p>El Mediterráneo tiene un clima templado, con una fuerte estacionalidad y una importante variabilidad interanual. Yo he participado en muchas campañas en este mar, y me he encontrado con una gran variedad de situaciones; todos sabemos que una determinada semana de marzo, pongamos por caso, puede ser más fría o calurosa en un año que en otro. Por ello, para documentar los efectos del cambio climático sobre una determinada variable (como la temperatura o el nivel del mar), se necesitan largas series de datos que permitan separar las tendencias (aumento o disminución) a largo plazo de las fluctuaciones de pequeña escala. Desde hace más de 50 años, Josep Pascual ha estado tomando datos de temperatura del agua de mar a diversas profundidades en una estación situada a una milla de la costa de l’Estartit, además de registrar el nivel del mar y medir diversas variables meteorológicas. Es actualmente la serie más larga de datos fiables del Mediterráneo. Estos valores han sido analizados por diversos oceanógrafos, entre ellos por colegas de mi Instituto, y permiten constatar que, en las aguas superficiales, la temperatura ha aumentado a un ritmo de 0.28 ºC por década; al mismo tiempo, el aumento del nivel del mar ha sido de unos 3 mm por década. Una de las consecuencias del calentamiento ha sido que las olas de calor marinas se han hecho más frecuentes y han causado mortandades de organismos sésiles como gorgonias y corales. Se trata, evidentemente, de observaciones preocupantes.</p>
<p>Por otra parte, el ecosistema marino del Mediterráneo (y de otros mares) sufre desde hace años los impactos de la contaminación, la sobrepesca y otros factores derivados de la actividad humana, que ponen en peligro tanto la biodiversidad marina como los servicios que el mar nos proporciona.</p>
<h2>4. A pesar de los desafíos, sigues activa en el Instituto de Ciencias del Mar. ¿Qué proyectos o líneas de investigación te apasionan hoy en día?</h2>
<p>Después de la jubilación, he seguido investigando como profesora “vinculada” (es decir, emérita); aparte de trabajar en temas que quedaron pendientes de mis campañas anteriores, colaboro en proyectos dirigidos por colegas más jóvenes. Por ejemplo. a principios de este año, junto con varios coautores, publiqué un artículo sobre las relaciones entre la estructura hidrográfica de la columna de agua y los máximos de clorofila que ocurren a cierta profundidad en aguas estratificadas. En uno de los proyectos actuales estamos estudiando la fisiología y ecología de las poblaciones de una microalga béntica (es decir, que vive adherida a substratos),&nbsp;Ostreopsis cf. ovata, que habita en muchas zonas costeras templadas del mundo, incluidas las del Mediterráneo. Ostreopsis cf. ovata produce una variedad de toxinas y sus proliferaciones en costas de Cataluña y otros lugares del Mediterráneo noroccidental se han asociado con episodios de irritación respiratoria. Entre otros temas, se trata de averiguar qué condiciones ambientales favorecen el crecimiento de esta microalga, cuáles pueden ser las toxinas responsables de las afecciones respiratorias y cómo estas toxinas pasan del medio marino a los aerosoles.</p>
<h2>4.1. Por último, ¿qué consejo darías a las nuevas generaciones que quieren dedicarse a la ciencia y a la protección de los océanos?</h2>
<p>Se pueden hacer comentarios a diversos niveles. Desde luego, es importante sentir curiosidad y plantearse preguntas; una carrera científica requiere una importante dedicación, pero tiene sus compensaciones, entre ellas la de contribuir al conocimiento del mundo que nos rodea y quizá, directa o indirectamente, al bienestar humano. En relación con lo que hoy llaman perspectiva de género, a las chicas que sientan inclinación por la ciencia les diría que persistan en su interés y no hagan caso de los estereotipos negativos. Desde un punto de vista práctico, recomendaría a los jóvenes que estudien a fondo y que aprendan inglés e informática; aparte de la importancia de tener una buena preparación, hay que tener en cuenta que si más tarde tienen que pedir becas para dedicarse a la investigación, las notas que hayan tenido en la carrera pueden jugar un papel decisivo. El tema de la protección de los océanos y de la naturaleza en general requiere, por una parte, conocimiento, y por otra lo que podríamos denominar activismo, para enfrentarse a los intereses puramente económicos e intentar que este conocimiento se traduzca en un tratamiento sensato del entorno natural.</p>
<p><img decoding="async" loading="lazy" src="https://theoceanconnections.com/wp-content/uploads/2026/03/Marta-Estrada-Miyares-Ice.webp"><noscript><img decoding="async" src="https://theoceanconnections.com/wp-content/uploads/2026/03/Marta-Estrada-Miyares-Ice.webp"></noscript></p>
<h2>5. ¿Qué te convierte en un Blue Storydoer?</h2>
<h2><strong>Sumérgete en todas las entrevistas</strong></h2>

<p>Entrevista: Marta Estrada Miyares Marta Estrada Miyares es oceanógrafa y bióloga marina, con una larga trayectoria en el Instituto de Ciencias del Mar (ICM) y el Consejo Superior de Investigaciones Científicas (CSIC). Destaca como una de las pioneras españolas en realizar investigaciones científicas en la Antártida. Durante décadas, su trabajo se ha centrado en comprender el fitoplancton marino y su importancia ecológica. A sus 78 años continúa activa, participando en proyectos que abordan el cambio climático, la salud de los [&hellip;]</p>
